{"id":6047,"date":"2019-03-15T14:40:18","date_gmt":"2019-03-15T13:40:18","guid":{"rendered":"https:\/\/www.mietequipment.com\/?post_type=product&amp;p=6047"},"modified":"2019-03-15T14:40:18","modified_gmt":"2019-03-15T13:40:18","slug":"set-stehtisch-d70-inkl-stretchhusse-weiss-2","status":"publish","type":"product","link":"https:\/\/123-stuhlverleih.de\/?product=set-stehtisch-d70-inkl-stretchhusse-weiss-2","title":{"rendered":"Set Stehtisch d=70 inkl. Stretchhusse wei\u00df"},"content":{"rendered":"<p><strong>Stretchhusse:<\/strong><\/p>\n<p>Farbe: weiss<br \/>\neinteilig, passend f\u00fcr Stehtische mit 4 F\u00fc\u00dfen<br \/>\nMaterial: Polyelastan<br \/>\nGesamth\u00f6he: 110 &#8211; 115 cm<br \/>\nDurchmesser: 60-80 cm<br \/>\nInklusive Endreinigung der Mietartikel bei normaler Verschmutzung.<\/p>\n<p>Passende Barhocker in wei\u00df sind bei uns ebenso erh\u00e4ltlich.<\/p>\n<div id=\"page\" class=\"clearfix\">\n<div class=\"container\">\n<div id=\"main-content\">\n<div class=\"row\">\n<section class=\"col-md-12\">\n<div id=\"main\" class=\"clearfix content\">\n<div class=\"region region-content\">\n<div id=\"block-system-main\" class=\"block block-system clearfix\">\n<div class=\"content\">\n<article id=\"node-5702\" class=\"node node-mt-product node-promoted clearfix\">\n<div class=\"content node-main-content \">\n<div class=\"commerce-product-field commerce-product-field-field-verpackungseinheit field-field-verpackungseinheit node-5702-product-field-verpackungseinheit\">\n<div class=\"field field-name-field-verpackungseinheit field-type-number-integer field-label-above\">\n<div class=\"field-label\"><strong>Verpackungseinheit:\u00a0<\/strong><\/div>\n<div class=\"field-items\">\n<div class=\"field-item even\">1 St\u00fcck<\/div>\n<\/div>\n<\/div>\n<\/div>\n<div class=\"commerce-product-field commerce-product-field-field-wiederbeschaffungskosten field-field-wiederbeschaffungskosten node-5702-product-field-wiederbeschaffungskosten\">\n<div class=\"field field-name-field-wiederbeschaffungskosten field-type-commerce-price field-label-above\">\n<div class=\"field-label\"><strong>Wiederbeschaffungskosten:\u00a0<\/strong><\/div>\n<div class=\"field-items\">\n<div class=\"field-item even\">128.00\u00a0\u20ac<\/div>\n<\/div>\n<\/div>\n<\/div>\n<div class=\"commerce-product-field commerce-product-field-field-gewicht field-field-gewicht node-5702-product-field-gewicht commerce-product-field-empty\"><strong>Auf-\/Abbau:\u00a0<\/strong><\/div>\n<div class=\"commerce-product-field commerce-product-field-field-auf-abbau field-field-auf-abbau node-5702-product-field-auf-abbau\">\n<div class=\"field field-name-field-auf-abbau field-type-list-text field-label-above\">\n<div class=\"field-items\">\n<div class=\"field-item even\">Artikel wird selbst aufgebaut<\/div>\n<\/div>\n<\/div>\n<\/div>\n<div class=\"field field-name-field-mt-category-two field-type-list-boolean field-label-hidden\">\n<div class=\"field-items\">\n<div class=\"field-item even\"><\/div>\n<\/div>\n<\/div>\n<\/div>\n<\/article>\n<\/div>\n<\/div>\n<\/div>\n<\/div>\n<\/section>\n<\/div>\n<\/div>\n<\/div>\n<\/div>\n<footer id=\"footer\" class=\"clearfix\">\n<div class=\"container\">\n<div class=\"row\">\n<div class=\"col-sm-4\">\n<div class=\"footer-area\">\n<div class=\"region region-footer-first\">\n<div id=\"block-block-1\" class=\"block block-block clearfix\">\n<div class=\"content\">\n<div id=\"footer-logo-and-site-name-wrapper\">\n<div id=\"footer-logo\" class=\"logo\"><\/div>\n<\/div>\n<\/div>\n<\/div>\n<\/div>\n<\/div>\n<\/div>\n<\/div>\n<\/div>\n<\/footer>\n","protected":false},"excerpt":{"rendered":"<p>Stehtisch inklusiv Stretchhusse 4 Fu\u00dfsystem klappbar 70cm Bistrotisch<br \/>\nSet Stehtisch inklusive Stretchhusse schwarz:<\/p>\n<p><strong>Stehtisch:<\/strong><\/p>\n<p>Farbe: wei\u00df<br \/>\nGesamth\u00f6he: 110 cm<br \/>\nDurchmesser: 70 cm<br \/>\nDieser Tisch ist geeignet f\u00fcr 4 &#8211; 6 Personen.<\/p>\n<p><strong>Stretchhusse:<\/strong><br \/>\nFarbe: wei\u00df<br \/>\neinteilig, passend f\u00fcr Stehtische mit 4 F\u00fc\u00dfen<br \/>\nMaterial: Polyelastan<br \/>\nGesamth\u00f6he: 110 \u2013 115 cm<br \/>\nDurchmesser: 60-80 cm<br \/>\nInklusive Endreinigung der Mietartikel bei normaler Verschmutzung.<\/p>\n<p>Passende Barhocker in wei\u00df sind bei uns ebenso erh\u00e4ltlich.<\/p>\n","protected":false},"featured_media":6048,"template":"","meta":[],"product_brand":[],"product_cat":[63],"product_tag":[],"class_list":{"0":"post-6047","1":"product","2":"type-product","3":"status-publish","4":"has-post-thumbnail","6":"product_cat-sonderangebote","8":"first","9":"instock","10":"taxable","11":"shipping-taxable","12":"purchasable","13":"product-type-simple"},"_links":{"self":[{"href":"https:\/\/123-stuhlverleih.de\/index.php?rest_route=\/wp\/v2\/product\/6047","targetHints":{"allow":["GET"]}}],"collection":[{"href":"https:\/\/123-stuhlverleih.de\/index.php?rest_route=\/wp\/v2\/product"}],"about":[{"href":"https:\/\/123-stuhlverleih.de\/index.php?rest_route=\/wp\/v2\/types\/product"}],"wp:featuredmedia":[{"embeddable":true,"href":"https:\/\/123-stuhlverleih.de\/index.php?rest_route=\/wp\/v2\/media\/6048"}],"wp:attachment":[{"href":"https:\/\/123-stuhlverleih.de\/index.php?rest_route=%2Fwp%2Fv2%2Fmedia&parent=6047"}],"wp:term":[{"taxonomy":"product_brand","embeddable":true,"href":"https:\/\/123-stuhlverleih.de\/index.php?rest_route=%2Fwp%2Fv2%2Fproduct_brand&post=6047"},{"taxonomy":"product_cat","embeddable":true,"href":"https:\/\/123-stuhlverleih.de\/index.php?rest_route=%2Fwp%2Fv2%2Fproduct_cat&post=6047"},{"taxonomy":"product_tag","embeddable":true,"href":"https:\/\/123-stuhlverleih.de\/index.php?rest_route=%2Fwp%2Fv2%2Fproduct_tag&post=6047"}],"curies":[{"name":"wp","href":"https:\/\/api.w.org\/{rel}","templated":true}]}}