{"id":6494,"date":"2026-03-04T16:49:07","date_gmt":"2026-03-04T16:49:07","guid":{"rendered":"https:\/\/123-stuhlverleih.de\/?post_type=product&#038;p=6494"},"modified":"2026-03-04T16:49:34","modified_gmt":"2026-03-04T16:49:34","slug":"faltzelt-pavillion-3x3m","status":"publish","type":"product","link":"https:\/\/123-stuhlverleih.de\/?product=faltzelt-pavillion-3x3m","title":{"rendered":"Faltzelt\/Pavillion 3x3m"},"content":{"rendered":"<p><strong>Farbe:<\/strong> Seitenplanen wei\u00df, Dach wei\u00df<br \/>\n<strong>Aufstellma\u00df:<\/strong> 3,00 x 3,00 x 3,00m<\/p>\n<p>Der Mieter muss den Auf,- Abbau selbst durchf\u00fchren und hat f\u00fcr die sichere Befestigung des Zeltes zu sorgen. Der Kunde haftet f\u00fcr alle Personen- und Sachsch\u00e4den w\u00e4hrend dem Mietzeitraum.<\/p>\n<div class=\"commerce-product-field commerce-product-field-field-verpackungseinheit field-field-verpackungseinheit node-5750-product-field-verpackungseinheit\">\n<div class=\"field field-name-field-verpackungseinheit field-type-number-integer field-label-above\">\n<div class=\"field-label\"><strong>Verpackungseinheit:\u00a0<\/strong><\/div>\n<div class=\"field-items\">\n<div class=\"field-item even\">1 St\u00fcck<\/div>\n<\/div>\n<\/div>\n<\/div>\n<div class=\"commerce-product-field commerce-product-field-field-wiederbeschaffungskosten field-field-wiederbeschaffungskosten node-5750-product-field-wiederbeschaffungskosten\">\n<div class=\"field field-name-field-wiederbeschaffungskosten field-type-commerce-price field-label-above\">\n<div><\/div>\n<div class=\"field-label\"><strong>Wiederbeschaffungskosten:\u00a0<\/strong><\/div>\n<div class=\"field-items\">\n<div class=\"field-item even\">659.00\u00a0\u20ac<\/div>\n<\/div>\n<\/div>\n<\/div>\n<div class=\"commerce-product-field commerce-product-field-field-gewicht field-field-gewicht node-5750-product-field-gewicht\">\n<div class=\"field field-name-field-gewicht field-type-number-decimal field-label-above\">\n<div><\/div>\n<div class=\"field-label\"><strong>Gewicht:\u00a0<\/strong><\/div>\n<div class=\"field-items\">\n<div class=\"field-item even\">45.00 kg<\/div>\n<\/div>\n<\/div>\n<\/div>\n<div class=\"commerce-product-field commerce-product-field-field-auf-abbau field-field-auf-abbau node-5750-product-field-auf-abbau\">\n<div class=\"field field-name-field-auf-abbau field-type-list-text field-label-above\">\n<div><\/div>\n<div class=\"field-label\"><strong>Auf-\/Abbau:\u00a0<\/strong><\/div>\n<div class=\"field-items\">\n<div class=\"field-item even\">Artikel wird selbst aufgebaut<\/div>\n<\/div>\n<\/div>\n<\/div>\n","protected":false},"excerpt":{"rendered":"<p><strong>Mietartikel Faltzelt\/ Scherenzelt 3x3m<\/strong><\/p>\n<p>Sofort einsatzf\u00e4hig: Aufspannen wie einen Regenschirm, fertig.<br \/>\nLieferung incl. 4 Seitenplanen.<br \/>\nAufbau: 2-5 Minuten<\/p>\n","protected":false},"featured_media":0,"template":"","meta":[],"product_brand":[],"product_cat":[100,109],"product_tag":[],"class_list":{"0":"post-6494","1":"product","2":"type-product","3":"status-publish","5":"product_cat-mietmobiliar","6":"product_cat-outdoor-heizung","8":"first","9":"instock","10":"taxable","11":"shipping-taxable","12":"purchasable","13":"product-type-simple"},"_links":{"self":[{"href":"https:\/\/123-stuhlverleih.de\/index.php?rest_route=\/wp\/v2\/product\/6494","targetHints":{"allow":["GET"]}}],"collection":[{"href":"https:\/\/123-stuhlverleih.de\/index.php?rest_route=\/wp\/v2\/product"}],"about":[{"href":"https:\/\/123-stuhlverleih.de\/index.php?rest_route=\/wp\/v2\/types\/product"}],"wp:attachment":[{"href":"https:\/\/123-stuhlverleih.de\/index.php?rest_route=%2Fwp%2Fv2%2Fmedia&parent=6494"}],"wp:term":[{"taxonomy":"product_brand","embeddable":true,"href":"https:\/\/123-stuhlverleih.de\/index.php?rest_route=%2Fwp%2Fv2%2Fproduct_brand&post=6494"},{"taxonomy":"product_cat","embeddable":true,"href":"https:\/\/123-stuhlverleih.de\/index.php?rest_route=%2Fwp%2Fv2%2Fproduct_cat&post=6494"},{"taxonomy":"product_tag","embeddable":true,"href":"https:\/\/123-stuhlverleih.de\/index.php?rest_route=%2Fwp%2Fv2%2Fproduct_tag&post=6494"}],"curies":[{"name":"wp","href":"https:\/\/api.w.org\/{rel}","templated":true}]}}